{"id":1548,"date":"2022-08-24T08:35:34","date_gmt":"2022-08-24T13:35:34","guid":{"rendered":"https:\/\/www.comisionmutis.com\/?page_id=1548"},"modified":"2022-08-29T16:06:14","modified_gmt":"2022-08-29T21:06:14","slug":"laminas-de-la-exposicion","status":"publish","type":"page","link":"https:\/\/www.comisionmutis.com\/?page_id=1548","title":{"rendered":"L\u00e1minas de la Exposici\u00f3n"},"content":{"rendered":"\t\t<div data-elementor-type=\"wp-page\" data-elementor-id=\"1548\" class=\"elementor elementor-1548\" data-elementor-post-type=\"page\">\n\t\t\t\t\t\t<section class=\"elementor-section elementor-top-section elementor-element elementor-element-7c5ea9f6 elementor-section-boxed elementor-section-height-default elementor-section-height-default\" data-id=\"7c5ea9f6\" data-element_type=\"section\">\n\t\t\t\t\t\t<div class=\"elementor-container elementor-column-gap-default\">\n\t\t\t\t\t<div class=\"elementor-column elementor-col-100 elementor-top-column elementor-element elementor-element-77d3a798\" data-id=\"77d3a798\" data-element_type=\"column\">\n\t\t\t<div class=\"elementor-widget-wrap elementor-element-populated\">\n\t\t\t\t\t\t<div class=\"elementor-element elementor-element-983b265 elementor-widget elementor-widget-text-editor\" data-id=\"983b265\" data-element_type=\"widget\" data-widget_type=\"text-editor.default\">\n\t\t\t\t<div class=\"elementor-widget-container\">\n\t\t\t\t\t\t\t\t\t\n<p>Los libros de la Flora de la Real Expedici\u00f3n Bot\u00e1nica del Nuevo Reino de Granada \/ publicada bajo los auspicios de los Gobiernos de Espa\u00f1a y de Colombia entre los Institutos de Cultura Hisp\u00e1nica de Madrid y Bogot\u00e1 se encuentran a continuaci\u00f3n.<\/p>\n\t\t\t\t\t\t\t\t<\/div>\n\t\t\t\t<\/div>\n\t\t\t\t\t<\/div>\n\t\t<\/div>\n\t\t\t\t\t<\/div>\n\t\t<\/section>\n\t\t\t\t<section class=\"elementor-section elementor-top-section elementor-element elementor-element-1cf7997 elementor-section-boxed elementor-section-height-default elementor-section-height-default\" data-id=\"1cf7997\" data-element_type=\"section\">\n\t\t\t\t\t\t<div class=\"elementor-container elementor-column-gap-default\">\n\t\t\t\t\t<div class=\"elementor-column elementor-col-16 elementor-top-column elementor-element elementor-element-5740890\" data-id=\"5740890\" data-element_type=\"column\">\n\t\t\t<div class=\"elementor-widget-wrap\">\n\t\t\t\t\t\t\t<\/div>\n\t\t<\/div>\n\t\t\t\t<div class=\"elementor-column elementor-col-66 elementor-top-column elementor-element elementor-element-2f09c2a\" data-id=\"2f09c2a\" data-element_type=\"column\">\n\t\t\t<div class=\"elementor-widget-wrap elementor-element-populated\">\n\t\t\t\t\t\t<div class=\"elementor-element elementor-element-903064c elementor-widget elementor-widget-image\" data-id=\"903064c\" data-element_type=\"widget\" data-widget_type=\"image.default\">\n\t\t\t\t<div class=\"elementor-widget-container\">\n\t\t\t\t\t\t\t\t\t\t\t\t\t\t\t<img fetchpriority=\"high\" decoding=\"async\" width=\"380\" height=\"480\" src=\"https:\/\/www.comisionmutis.com\/wp-content\/uploads\/2022\/08\/Expdicion.jpg\" class=\"attachment-large size-large wp-image-1586\" alt=\"\" srcset=\"https:\/\/www.comisionmutis.com\/wp-content\/uploads\/2022\/08\/Expdicion.jpg 380w, https:\/\/www.comisionmutis.com\/wp-content\/uploads\/2022\/08\/Expdicion-238x300.jpg 238w, https:\/\/www.comisionmutis.com\/wp-content\/uploads\/2022\/08\/Expdicion-92x116.jpg 92w\" sizes=\"(max-width: 380px) 100vw, 380px\" \/>\t\t\t\t\t\t\t\t\t\t\t\t\t\t\t<\/div>\n\t\t\t\t<\/div>\n\t\t\t\t<div class=\"elementor-element elementor-element-856fea4 elementor-align-center elementor-widget elementor-widget-button\" data-id=\"856fea4\" data-element_type=\"widget\" data-widget_type=\"button.default\">\n\t\t\t\t<div class=\"elementor-widget-container\">\n\t\t\t\t\t\t\t\t\t<div class=\"elementor-button-wrapper\">\n\t\t\t\t\t<a class=\"elementor-button elementor-button-link elementor-size-lg\" href=\"https:\/\/bibliotecadigital.aecid.es\/bibliodig\/es\/consulta\/registro.cmd?id=3148\" target=\"_blank\">\n\t\t\t\t\t\t<span class=\"elementor-button-content-wrapper\">\n\t\t\t\t\t\t\t\t\t<span class=\"elementor-button-text\">Conoce toda la informaci\u00f3n en la Biblioteca Digital AECID<\/span>\n\t\t\t\t\t<\/span>\n\t\t\t\t\t<\/a>\n\t\t\t\t<\/div>\n\t\t\t\t\t\t\t\t<\/div>\n\t\t\t\t<\/div>\n\t\t\t\t\t<\/div>\n\t\t<\/div>\n\t\t\t\t<div class=\"elementor-column elementor-col-16 elementor-top-column elementor-element elementor-element-97b134c\" data-id=\"97b134c\" data-element_type=\"column\">\n\t\t\t<div class=\"elementor-widget-wrap\">\n\t\t\t\t\t\t\t<\/div>\n\t\t<\/div>\n\t\t\t\t\t<\/div>\n\t\t<\/section>\n\t\t\t\t<\/div>\n\t\t","protected":false},"excerpt":{"rendered":"<p>Los libros de la Flora de la Real Expedici\u00f3n Bot\u00e1nica del Nuevo Reino de Granada \/ publicada bajo los auspicios de los Gobiernos de Espa\u00f1a y de Colombia entre los Institutos de Cultura Hisp\u00e1nica de Madrid y Bogot\u00e1 se encuentran a continuaci\u00f3n. Conoce toda la informaci\u00f3n en la Biblioteca Digital AECID<\/p>\n","protected":false},"author":3,"featured_media":0,"parent":0,"menu_order":0,"comment_status":"closed","ping_status":"closed","template":"","meta":{"footnotes":""},"class_list":["post-1548","page","type-page","status-publish","hentry"],"_links":{"self":[{"href":"https:\/\/www.comisionmutis.com\/index.php?rest_route=\/wp\/v2\/pages\/1548","targetHints":{"allow":["GET"]}}],"collection":[{"href":"https:\/\/www.comisionmutis.com\/index.php?rest_route=\/wp\/v2\/pages"}],"about":[{"href":"https:\/\/www.comisionmutis.com\/index.php?rest_route=\/wp\/v2\/types\/page"}],"author":[{"embeddable":true,"href":"https:\/\/www.comisionmutis.com\/index.php?rest_route=\/wp\/v2\/users\/3"}],"replies":[{"embeddable":true,"href":"https:\/\/www.comisionmutis.com\/index.php?rest_route=%2Fwp%2Fv2%2Fcomments&post=1548"}],"version-history":[{"count":16,"href":"https:\/\/www.comisionmutis.com\/index.php?rest_route=\/wp\/v2\/pages\/1548\/revisions"}],"predecessor-version":[{"id":1624,"href":"https:\/\/www.comisionmutis.com\/index.php?rest_route=\/wp\/v2\/pages\/1548\/revisions\/1624"}],"wp:attachment":[{"href":"https:\/\/www.comisionmutis.com\/index.php?rest_route=%2Fwp%2Fv2%2Fmedia&parent=1548"}],"curies":[{"name":"wp","href":"https:\/\/api.w.org\/{rel}","templated":true}]}}